{"id":29740,"date":"2025-10-11T00:19:43","date_gmt":"2025-10-10T21:19:43","guid":{"rendered":"https:\/\/gemilik.com\/shop\/?post_type=product&#038;p=29740"},"modified":"2025-10-11T00:20:48","modified_gmt":"2025-10-10T21:20:48","slug":"duble-antep-fistikli-ahududulu-lokum-1-kg","status":"publish","type":"product","link":"https:\/\/gemilik.com\/shop\/urun\/duble-antep-fistikli-ahududulu-lokum-1-kg\/","title":{"rendered":"Duble Antep F\u0131st\u0131kl\u0131 Ahududulu Lokum 1 kg"},"content":{"rendered":"<p data-start=\"610\" data-end=\"1171\">Gemilik Duble Antep F\u0131st\u0131kl\u0131 Ahududulu Sarma Lokum \u2013 ahududunun ferah ve meyvemsi aromas\u0131n\u0131 Antep f\u0131st\u0131\u011f\u0131n\u0131n yo\u011fun lezzetiyle bulu\u015fturan \u00f6zel bir el yap\u0131m\u0131 lokumdur. D\u0131\u015f\u0131 ince \u00e7ekilmi\u015f Antep f\u0131st\u0131\u011f\u0131yla kapl\u0131, i\u00e7i meyve \u00f6zl\u00fc ahududu lokum katmanlar\u0131ndan ve bol f\u0131st\u0131kl\u0131 dolgu k\u0131sm\u0131ndan olu\u015fur. Glikoz, katk\u0131 veya koruyucu i\u00e7ermez. Geleneksel ustal\u0131kla haz\u0131rlanan bu lokum, her lokmada dengeli bir tat ve aromatik ferahl\u0131k sunar. Gemilik Lokumcusu\u2019nun \u201cDuble Serisi\u201d i\u00e7inde meyve aromas\u0131yla \u00f6ne \u00e7\u0131kan en \u00f6zel lezzetlerden biridir.<\/p>\n","protected":false},"excerpt":{"rendered":"<p data-start=\"401\" data-end=\"527\">Gemilik Duble Antep F\u0131st\u0131kl\u0131 Ahududulu Sarma Lokum \u2013 yo\u011fun meyve aromal\u0131, d\u0131\u015f\u0131 f\u0131st\u0131kl\u0131, i\u00e7i bol dolgu \u00f6zel el yap\u0131m\u0131 lokum.<\/p>\n","protected":false},"featured_media":29716,"comment_status":"open","ping_status":"closed","template":"","meta":{"inline_featured_image":false},"product_brand":[],"product_cat":[73],"product_tag":[],"class_list":{"0":"post-29740","1":"product","2":"type-product","3":"status-publish","4":"has-post-thumbnail","6":"product_cat-lokum","8":"first","9":"instock","10":"shipping-taxable","11":"purchasable","12":"product-type-simple"},"_links":{"self":[{"href":"https:\/\/gemilik.com\/shop\/wp-json\/wp\/v2\/product\/29740","targetHints":{"allow":["GET"]}}],"collection":[{"href":"https:\/\/gemilik.com\/shop\/wp-json\/wp\/v2\/product"}],"about":[{"href":"https:\/\/gemilik.com\/shop\/wp-json\/wp\/v2\/types\/product"}],"replies":[{"embeddable":true,"href":"https:\/\/gemilik.com\/shop\/wp-json\/wp\/v2\/comments?post=29740"}],"version-history":[{"count":0,"href":"https:\/\/gemilik.com\/shop\/wp-json\/wp\/v2\/product\/29740\/revisions"}],"wp:featuredmedia":[{"embeddable":true,"href":"https:\/\/gemilik.com\/shop\/wp-json\/wp\/v2\/media\/29716"}],"wp:attachment":[{"href":"https:\/\/gemilik.com\/shop\/wp-json\/wp\/v2\/media?parent=29740"}],"wp:term":[{"taxonomy":"product_brand","embeddable":true,"href":"https:\/\/gemilik.com\/shop\/wp-json\/wp\/v2\/product_brand?post=29740"},{"taxonomy":"product_cat","embeddable":true,"href":"https:\/\/gemilik.com\/shop\/wp-json\/wp\/v2\/product_cat?post=29740"},{"taxonomy":"product_tag","embeddable":true,"href":"https:\/\/gemilik.com\/shop\/wp-json\/wp\/v2\/product_tag?post=29740"}],"curies":[{"name":"wp","href":"https:\/\/api.w.org\/{rel}","templated":true}]}}